{"id":335,"date":"2024-11-27T15:43:45","date_gmt":"2024-11-27T14:43:45","guid":{"rendered":"https:\/\/buscke.de\/?page_id=335"},"modified":"2024-12-04T16:59:51","modified_gmt":"2024-12-04T15:59:51","slug":"vita_buscke","status":"publish","type":"page","link":"https:\/\/buscke.de\/?page_id=335","title":{"rendered":"Vita"},"content":{"rendered":"<div id='full_slider_1'  class='avia-fullwidth-slider main_color avia-shadow   avia-builder-el-0  el_before_av_section  avia-builder-el-first   container_wrap fullsize'  ><div  class='avia-slideshow av-36sp61-9761723a7db1cbc3681480844dd95531 avia-slideshow-no scaling av_slideshow_full avia-fade-slider av-slideshow-ui av-control-minimal av-slideshow-manual av-loop-once av-loop-manual-endless av-default-height-applied   avia-slideshow-1' data-slideshow-options=\"{&quot;animation&quot;:&quot;fade&quot;,&quot;autoplay&quot;:false,&quot;loop_autoplay&quot;:&quot;once&quot;,&quot;interval&quot;:5,&quot;loop_manual&quot;:&quot;manual-endless&quot;,&quot;autoplay_stopper&quot;:false,&quot;noNavigation&quot;:false,&quot;bg_slider&quot;:false,&quot;keep_padding&quot;:false,&quot;hoverpause&quot;:false,&quot;show_slide_delay&quot;:0}\"  itemprop=\"image\" itemscope=\"itemscope\" itemtype=\"https:\/\/schema.org\/ImageObject\" ><ul class='avia-slideshow-inner ' style='padding-bottom: 29.086294416244%;'><li  class='avia-slideshow-slide av-36sp61-9761723a7db1cbc3681480844dd95531__0  av-single-slide slide-1 slide-odd'><div data-rel='slideshow-1' class='avia-slide-wrap '   ><img decoding=\"async\" fetchpriority=\"high\" class=\"wp-image-341 avia-img-lazy-loading-not-341\"  src=\"https:\/\/buscke.de\/wp-content\/uploads\/2024\/11\/Vita_buschke_Spanien_2.jpg\" width=\"1970\" height=\"573\" title='Vita_buschke_Spanien_2' alt=''  itemprop=\"thumbnailUrl\" srcset=\"https:\/\/buscke.de\/wp-content\/uploads\/2024\/11\/Vita_buschke_Spanien_2.jpg 1970w, https:\/\/buscke.de\/wp-content\/uploads\/2024\/11\/Vita_buschke_Spanien_2-300x87.jpg 300w, https:\/\/buscke.de\/wp-content\/uploads\/2024\/11\/Vita_buschke_Spanien_2-1030x300.jpg 1030w, https:\/\/buscke.de\/wp-content\/uploads\/2024\/11\/Vita_buschke_Spanien_2-768x223.jpg 768w, https:\/\/buscke.de\/wp-content\/uploads\/2024\/11\/Vita_buschke_Spanien_2-1536x447.jpg 1536w, https:\/\/buscke.de\/wp-content\/uploads\/2024\/11\/Vita_buschke_Spanien_2-1500x436.jpg 1500w, https:\/\/buscke.de\/wp-content\/uploads\/2024\/11\/Vita_buschke_Spanien_2-705x205.jpg 705w\" sizes=\"(max-width: 1970px) 100vw, 1970px\" \/><\/div><\/li><\/ul><\/div><\/div>\n<div id='av_section_1'  class='avia-section av-2onqzt-7e86774c7e15ae893d976a104f988294 main_color avia-section-large avia-no-border-styling  avia-builder-el-1  el_after_av_slideshow_full  avia-builder-el-last  avia-bg-style-scroll container_wrap fullsize'  ><div class='container av-section-cont-open' ><div class='template-page content  av-content-full alpha units'><div class='post-entry post-entry-type-page post-entry-335'><div class='entry-content-wrapper clearfix'>\n\n<style type=\"text\/css\" data-created_by=\"avia_inline_auto\" id=\"style-css-av-2km2e9-20958df8b51abb2dc227281df958a0f6\">\n.flex_column.av-2km2e9-20958df8b51abb2dc227281df958a0f6{\nborder-radius:0px 0px 0px 0px;\npadding:0px 0px 0px 0px;\n}\n<\/style>\n<div  class='flex_column av-2km2e9-20958df8b51abb2dc227281df958a0f6 av_one_full  avia-builder-el-2  el_before_av_heading  avia-builder-el-first  first flex_column_div av-animated-generic bottom-to-top av-zero-column-padding  '     ><\/div>\n<style type=\"text\/css\" data-created_by=\"avia_inline_auto\" id=\"style-css-av-m3yozkd6-a6ac0163f42ddb3eef82cc7b9c22d8a7\">\n#top .av-special-heading.av-m3yozkd6-a6ac0163f42ddb3eef82cc7b9c22d8a7{\npadding-bottom:10px;\nfont-size:44px;\n}\nbody .av-special-heading.av-m3yozkd6-a6ac0163f42ddb3eef82cc7b9c22d8a7 .av-special-heading-tag .heading-char{\nfont-size:25px;\n}\n#top #wrap_all .av-special-heading.av-m3yozkd6-a6ac0163f42ddb3eef82cc7b9c22d8a7 .av-special-heading-tag{\nfont-size:44px;\n}\n.av-special-heading.av-m3yozkd6-a6ac0163f42ddb3eef82cc7b9c22d8a7 .av-subheading{\nfont-size:20px;\n}\n\n@media only screen and (min-width: 480px) and (max-width: 767px){ \n#top #wrap_all .av-special-heading.av-m3yozkd6-a6ac0163f42ddb3eef82cc7b9c22d8a7 .av-special-heading-tag{\nfont-size:0.8em;\n}\n}\n\n@media only screen and (max-width: 479px){ \n#top #wrap_all .av-special-heading.av-m3yozkd6-a6ac0163f42ddb3eef82cc7b9c22d8a7 .av-special-heading-tag{\nfont-size:0.8em;\n}\n}\n<\/style>\n<div  class='av-special-heading av-m3yozkd6-a6ac0163f42ddb3eef82cc7b9c22d8a7 av-special-heading-h1 blockquote modern-quote modern-centered  avia-builder-el-3  el_after_av_one_full  el_before_av_hr  av-inherit-size'><h1 class='av-special-heading-tag'  itemprop=\"headline\"  >Vita Dipl.- Psych. Mark Buscke<\/h1><div class=\"special-heading-border\"><div class=\"special-heading-inner-border\"><\/div><\/div><\/div>\n\n<style type=\"text\/css\" data-created_by=\"avia_inline_auto\" id=\"style-css-av-lzu76rb7-3e486aec2b774d8adb9f1e659071fa3a\">\n#top .hr.av-lzu76rb7-3e486aec2b774d8adb9f1e659071fa3a{\nmargin-top:50px;\nmargin-bottom:80px;\n}\n.hr.av-lzu76rb7-3e486aec2b774d8adb9f1e659071fa3a .hr-inner{\nwidth:200px;\nborder-color:#9e795a;\n}\n<\/style>\n<div  class='hr av-lzu76rb7-3e486aec2b774d8adb9f1e659071fa3a hr-custom  avia-builder-el-4  el_after_av_heading  el_before_av_one_half  hr-center hr-icon-no'><span class='hr-inner inner-border-av-border-fat'><span class=\"hr-inner-style\"><\/span><\/span><\/div>\n\n<style type=\"text\/css\" data-created_by=\"avia_inline_auto\" id=\"style-css-av-s94x-7d1171a59dc83701ff746b89c8104f96\">\n.flex_column.av-s94x-7d1171a59dc83701ff746b89c8104f96{\nborder-radius:0px 0px 0px 0px;\npadding:0px 0px 0px 0px;\n}\n<\/style>\n<div  class='flex_column av-s94x-7d1171a59dc83701ff746b89c8104f96 av_one_half  avia-builder-el-5  el_after_av_hr  el_before_av_one_half  first flex_column_div av-animated-generic bottom-to-top av-zero-column-padding  '     ><style type=\"text\/css\" data-created_by=\"avia_inline_auto\" id=\"style-css-av-m40025df-aaf2d30e2dc84d8df8028afae99ba791\">\n.avia-image-container.av-m40025df-aaf2d30e2dc84d8df8028afae99ba791 img.avia_image{\nbox-shadow:none;\n}\n.avia-image-container.av-m40025df-aaf2d30e2dc84d8df8028afae99ba791 .av-image-caption-overlay-center{\ncolor:#ffffff;\n}\n<\/style>\n<div  class='avia-image-container av-m40025df-aaf2d30e2dc84d8df8028afae99ba791 av-styling- avia-align-center  avia-builder-el-6  avia-builder-el-no-sibling '   itemprop=\"image\" itemscope=\"itemscope\" itemtype=\"https:\/\/schema.org\/ImageObject\" ><div class=\"avia-image-container-inner\"><div class=\"avia-image-overlay-wrap\"><img decoding=\"async\" fetchpriority=\"high\" class='wp-image-326 avia-img-lazy-loading-not-326 avia_image ' src=\"https:\/\/buscke.de\/wp-content\/uploads\/2024\/11\/Vita.jpg\" alt='' title='Vita Mark Buscke'  height=\"1280\" width=\"1280\"  itemprop=\"thumbnailUrl\" srcset=\"https:\/\/buscke.de\/wp-content\/uploads\/2024\/11\/Vita.jpg 1280w, https:\/\/buscke.de\/wp-content\/uploads\/2024\/11\/Vita-300x300.jpg 300w, https:\/\/buscke.de\/wp-content\/uploads\/2024\/11\/Vita-1030x1030.jpg 1030w, https:\/\/buscke.de\/wp-content\/uploads\/2024\/11\/Vita-80x80.jpg 80w, https:\/\/buscke.de\/wp-content\/uploads\/2024\/11\/Vita-768x768.jpg 768w, https:\/\/buscke.de\/wp-content\/uploads\/2024\/11\/Vita-36x36.jpg 36w, https:\/\/buscke.de\/wp-content\/uploads\/2024\/11\/Vita-180x180.jpg 180w, https:\/\/buscke.de\/wp-content\/uploads\/2024\/11\/Vita-705x705.jpg 705w\" sizes=\"(max-width: 1280px) 100vw, 1280px\" \/><\/div><\/div><\/div><\/div>\n<style type=\"text\/css\" data-created_by=\"avia_inline_auto\" id=\"style-css-av-1xjipd-fcde4d400c348509a4e86f9e1164336a\">\n.flex_column.av-1xjipd-fcde4d400c348509a4e86f9e1164336a{\nborder-radius:0px 0px 0px 0px;\npadding:0px 0px 0px 0px;\n}\n<\/style>\n<div  class='flex_column av-1xjipd-fcde4d400c348509a4e86f9e1164336a av_one_half  avia-builder-el-7  el_after_av_one_half  el_before_av_hr  flex_column_div av-animated-generic bottom-to-top av-zero-column-padding  '     ><section  class='av_textblock_section av-1ryk4x-4ee146c1e15e5bfd6ff3a114be8be938 '   itemscope=\"itemscope\" itemtype=\"https:\/\/schema.org\/CreativeWork\" ><div class='avia_textblock'  itemprop=\"text\" ><h3>Vita Mark Buscke<\/h3>\n<ul>\n<li>Studium der Psychologie an der Universit\u00e4t Hamburg<\/li>\n<li>Psychotherapeutenausbildung am ZfP \/ Zentrum f\u00fcr Psychotherapie Zweigstelle M\u00fcnster<\/li>\n<li>EOS Klinik f\u00fcr Psychotherapie M\u00fcnster<\/li>\n<li>Privatpraxis f\u00fcr Psychotherapie Junge &#038; Kollegen Berlin<\/li>\n<li>MVZ Psychotherapieteam Hamburg<\/li>\n<li>Praxis f\u00fcr Psychotherapie L\u00fcbeck Wahmstra\u00dfe \/ Kassen\u00e4rztliche Niederlassung<\/li>\n<li>Praxis f\u00fcr Psychotherapie Hamburg Valentinskamp\/ Kassen\u00e4rztliche Zulassung<\/li>\n<\/ul>\n<p>Seit Jahren engagiere ich mich berufspolitisch f\u00fcr eine St\u00e4rkung der Versorgung und nahm 2022 an der Expertengruppe zur Beratung des Gemeinsamen Bundesausschusses GBA zum Thema Qualit\u00e4tssicherung in der psychotherapeutischen Gruppentherapie teil.<\/p>\n<p>Ich erf\u00fclle selbstverst\u00e4ndlich die Fortbildungsrichtlinien der Kassen\u00e4rztlichen Vereinigung und befinde mich in Ausbildung als Supervisor.<\/p>\n<\/div><\/section><\/div>\n<style type=\"text\/css\" data-created_by=\"avia_inline_auto\" id=\"style-css-av-l2rqx-13c1359919f5d5c0c1dcf6aa48818536\">\n#top .hr.av-l2rqx-13c1359919f5d5c0c1dcf6aa48818536{\nmargin-top:50px;\nmargin-bottom:80px;\n}\n.hr.av-l2rqx-13c1359919f5d5c0c1dcf6aa48818536 .hr-inner{\nwidth:200px;\nborder-color:#9e795a;\n}\n<\/style>\n<div  class='hr av-l2rqx-13c1359919f5d5c0c1dcf6aa48818536 hr-custom  avia-builder-el-9  el_after_av_one_half  el_before_av_heading  hr-center hr-icon-no'><span class='hr-inner inner-border-av-border-fat'><span class=\"hr-inner-style\"><\/span><\/span><\/div>\n\n<style type=\"text\/css\" data-created_by=\"avia_inline_auto\" id=\"style-css-av-1ck7ch-36b6af791ac85d6909139f1367d2f024\">\n#top .av-special-heading.av-1ck7ch-36b6af791ac85d6909139f1367d2f024{\npadding-bottom:10px;\nfont-size:25px;\n}\nbody .av-special-heading.av-1ck7ch-36b6af791ac85d6909139f1367d2f024 .av-special-heading-tag .heading-char{\nfont-size:25px;\n}\n#top #wrap_all .av-special-heading.av-1ck7ch-36b6af791ac85d6909139f1367d2f024 .av-special-heading-tag{\nfont-size:25px;\n}\n.av-special-heading.av-1ck7ch-36b6af791ac85d6909139f1367d2f024 .av-subheading{\nfont-size:15px;\n}\n\n@media only screen and (min-width: 480px) and (max-width: 767px){ \n#top #wrap_all .av-special-heading.av-1ck7ch-36b6af791ac85d6909139f1367d2f024 .av-special-heading-tag{\nfont-size:0.8em;\n}\n}\n\n@media only screen and (max-width: 479px){ \n#top #wrap_all .av-special-heading.av-1ck7ch-36b6af791ac85d6909139f1367d2f024 .av-special-heading-tag{\nfont-size:0.8em;\n}\n}\n<\/style>\n<div  class='av-special-heading av-1ck7ch-36b6af791ac85d6909139f1367d2f024 av-special-heading-h1 blockquote modern-quote modern-centered  avia-builder-el-10  el_after_av_hr  el_before_av_hr  av-inherit-size'><h1 class='av-special-heading-tag'  itemprop=\"headline\"  >Weiter<\/h1><div class=\"special-heading-border\"><div class=\"special-heading-inner-border\"><\/div><\/div><\/div>\n\n<style type=\"text\/css\" data-created_by=\"avia_inline_auto\" id=\"style-css-av-19bhyh-babd317f7d7500d7a0928679b03898d5\">\n#top .hr.hr-invisible.av-19bhyh-babd317f7d7500d7a0928679b03898d5{\nheight:50px;\n}\n<\/style>\n<div  class='hr av-19bhyh-babd317f7d7500d7a0928679b03898d5 hr-invisible  avia-builder-el-11  el_after_av_heading  el_before_av_masonry_gallery  avia-builder-el-last '><span class='hr-inner '><span class=\"hr-inner-style\"><\/span><\/span><\/div>\n<div id='av-masonry-1' class='av-masonry av-157nfd-1afd982f44b7f7ba577bf65d352b10db noHover av-fixed-size av-large-gap av-hover-overlay-active av-masonry-animation-active av-masonry-col-3 av-caption-on-hover av-caption-style- av-masonry-gallery ' data-post_id=\"335\"><div class=\"av-masonry-container isotope av-js-disabled\"><div class='av-masonry-entry isotope-item av-masonry-item-no-image '><\/div><a href=\"https:\/\/buscke.de\/vita_buscke\/\"  aria-label=\"Bild Vita Mark Buscke\"  id='av-masonry-1-item-326' data-av-masonry-item='326' class='av-masonry-entry isotope-item post-326 attachment type-attachment status-inherit hentry  av-masonry-item-with-image' title=\"Vita Mark Buscke\" alt=\"\"  data-av-masonry-custom-link=\"https:\/\/buscke.de\/vita_buscke\/\"  itemprop=\"thumbnailUrl\" ><div class='av-inner-masonry-sizer'><\/div><figure class='av-inner-masonry main_color'><div class=\"av-masonry-outerimage-container\"><div class='av-masonry-image-container' style=\"background-image: url(https:\/\/buscke.de\/wp-content\/uploads\/2024\/11\/Vita-705x705.jpg);\"  title=\"Vita Mark Buscke\"  ><\/div><\/div><figcaption class='av-inner-masonry-content site-background'><div class='av-inner-masonry-content-pos'><div class='av-inner-masonry-content-pos-content'><div class='avia-arrow'><\/div><h3 class='av-masonry-entry-title entry-title '  itemprop=\"headline\" >Vita Mark Buscke<\/h3><\/div><\/div><\/figcaption><\/figure><\/a><!--end av-masonry entry--><a href=\"https:\/\/buscke.de\/einzeltherapie\/\"  aria-label=\"Bild Einzel- und Kombinationstherapie\"  id='av-masonry-1-item-255' data-av-masonry-item='255' class='av-masonry-entry isotope-item post-255 attachment type-attachment status-inherit hentry  av-masonry-item-with-image' title=\"Einzel- und Kombinationstherapie\" alt=\"\"  data-av-masonry-custom-link=\"https:\/\/buscke.de\/einzeltherapie\/\"  itemprop=\"thumbnailUrl\" ><div class='av-inner-masonry-sizer'><\/div><figure class='av-inner-masonry main_color'><div class=\"av-masonry-outerimage-container\"><div class='av-masonry-image-container' style=\"background-image: url(https:\/\/buscke.de\/wp-content\/uploads\/2024\/08\/Verhaltenstherapie_quadrat-705x705.jpg);\"  title=\"Einzel- und Kombinationstherapie\"  ><\/div><\/div><figcaption class='av-inner-masonry-content site-background'><div class='av-inner-masonry-content-pos'><div class='av-inner-masonry-content-pos-content'><div class='avia-arrow'><\/div><h3 class='av-masonry-entry-title entry-title '  itemprop=\"headline\" >Einzel- und Kombinationstherapie<\/h3><\/div><\/div><\/figcaption><\/figure><\/a><!--end av-masonry entry--><a href=\"https:\/\/buscke.de\/gruppentherapie\/\"  aria-label=\"Bild Gruppentherapie &#8211; gemeinsam Wege finden\"  id='av-masonry-1-item-256' data-av-masonry-item='256' class='av-masonry-entry isotope-item post-256 attachment type-attachment status-inherit hentry  av-masonry-item-with-image' title=\"Gruppentherapie &#8211; gemeinsam Wege finden\" alt=\"\"  data-av-masonry-custom-link=\"https:\/\/buscke.de\/gruppentherapie\/\"  itemprop=\"thumbnailUrl\" ><div class='av-inner-masonry-sizer'><\/div><figure class='av-inner-masonry main_color'><div class=\"av-masonry-outerimage-container\"><div class='av-masonry-image-container' style=\"background-image: url(https:\/\/buscke.de\/wp-content\/uploads\/2024\/08\/Gruppentherapie_quadrat-705x705.jpg);\"  title=\"Gruppentherapie &#8211; gemeinsam Wege finden\"  ><\/div><\/div><figcaption class='av-inner-masonry-content site-background'><div class='av-inner-masonry-content-pos'><div class='av-inner-masonry-content-pos-content'><div class='avia-arrow'><\/div><h3 class='av-masonry-entry-title entry-title '  itemprop=\"headline\" >Gruppentherapie &#8211; gemeinsam Wege finden<\/h3><\/div><\/div><\/figcaption><\/figure><\/a><!--end av-masonry entry--><\/div><\/div>\n\n<style type=\"text\/css\" data-created_by=\"avia_inline_auto\" id=\"style-css-av-1dg95-e5082f24fba3f1e1b29d9fba076d2930\">\n#top .hr.av-1dg95-e5082f24fba3f1e1b29d9fba076d2930{\nmargin-top:50px;\nmargin-bottom:80px;\n}\n.hr.av-1dg95-e5082f24fba3f1e1b29d9fba076d2930 .hr-inner{\nwidth:200px;\nborder-color:#9e795a;\n}\n<\/style>\n<div  class='hr av-1dg95-e5082f24fba3f1e1b29d9fba076d2930 hr-custom  avia-builder-el-13  el_after_av_masonry_gallery  el_before_av_heading  avia-builder-el-first  hr-center hr-icon-no'><span class='hr-inner inner-border-av-border-fat'><span class=\"hr-inner-style\"><\/span><\/span><\/div>\n\n<style type=\"text\/css\" data-created_by=\"avia_inline_auto\" id=\"style-css-av-lzwmwjyx-c210149ad11e8a3e38815c8d8ef63a17\">\n#top .av-special-heading.av-lzwmwjyx-c210149ad11e8a3e38815c8d8ef63a17{\npadding-bottom:10px;\nfont-size:25px;\n}\nbody .av-special-heading.av-lzwmwjyx-c210149ad11e8a3e38815c8d8ef63a17 .av-special-heading-tag .heading-char{\nfont-size:25px;\n}\n#top #wrap_all .av-special-heading.av-lzwmwjyx-c210149ad11e8a3e38815c8d8ef63a17 .av-special-heading-tag{\nfont-size:25px;\n}\n.av-special-heading.av-lzwmwjyx-c210149ad11e8a3e38815c8d8ef63a17 .av-subheading{\nfont-size:15px;\n}\n\n@media only screen and (min-width: 480px) and (max-width: 767px){ \n#top #wrap_all .av-special-heading.av-lzwmwjyx-c210149ad11e8a3e38815c8d8ef63a17 .av-special-heading-tag{\nfont-size:0.8em;\n}\n}\n\n@media only screen and (max-width: 479px){ \n#top #wrap_all .av-special-heading.av-lzwmwjyx-c210149ad11e8a3e38815c8d8ef63a17 .av-special-heading-tag{\nfont-size:0.8em;\n}\n}\n<\/style>\n<div  class='av-special-heading av-lzwmwjyx-c210149ad11e8a3e38815c8d8ef63a17 av-special-heading-h1 blockquote modern-quote modern-centered  avia-builder-el-14  el_after_av_hr  el_before_av_one_fourth  av-inherit-size'><h1 class='av-special-heading-tag'  itemprop=\"headline\"  >Kontakt aufnehmen<\/h1><div class=\"special-heading-border\"><div class=\"special-heading-inner-border\"><\/div><\/div><\/div>\n<div  class='flex_column av-mxnxd-d5074653ec2a8d253f66476edaa41697 av_one_fourth  avia-builder-el-15  el_after_av_heading  el_before_av_one_half  first flex_column_div  '     ><\/div><div  class='flex_column av-dgefl-4d3ec8d57d4d378fb691498463938286 av_one_half  avia-builder-el-16  el_after_av_one_fourth  el_before_av_one_fourth  flex_column_div  '     ><\/div><div  class='flex_column av-6opa9-22a3494392c76022ae69adfc85b81b0c av_one_fourth  avia-builder-el-18  el_after_av_one_half  avia-builder-el-last  flex_column_div  '     ><\/div>\n","protected":false},"excerpt":{"rendered":"","protected":false},"author":1,"featured_media":0,"parent":0,"menu_order":0,"comment_status":"open","ping_status":"closed","template":"","meta":{"footnotes":""},"class_list":["post-335","page","type-page","status-publish","hentry"],"aioseo_notices":[],"_links":{"self":[{"href":"https:\/\/buscke.de\/index.php?rest_route=\/wp\/v2\/pages\/335","targetHints":{"allow":["GET"]}}],"collection":[{"href":"https:\/\/buscke.de\/index.php?rest_route=\/wp\/v2\/pages"}],"about":[{"href":"https:\/\/buscke.de\/index.php?rest_route=\/wp\/v2\/types\/page"}],"author":[{"embeddable":true,"href":"https:\/\/buscke.de\/index.php?rest_route=\/wp\/v2\/users\/1"}],"replies":[{"embeddable":true,"href":"https:\/\/buscke.de\/index.php?rest_route=%2Fwp%2Fv2%2Fcomments&post=335"}],"version-history":[{"count":9,"href":"https:\/\/buscke.de\/index.php?rest_route=\/wp\/v2\/pages\/335\/revisions"}],"predecessor-version":[{"id":375,"href":"https:\/\/buscke.de\/index.php?rest_route=\/wp\/v2\/pages\/335\/revisions\/375"}],"wp:attachment":[{"href":"https:\/\/buscke.de\/index.php?rest_route=%2Fwp%2Fv2%2Fmedia&parent=335"}],"curies":[{"name":"wp","href":"https:\/\/api.w.org\/{rel}","templated":true}]}}